 ((-135)/(-10) - 0)*(-4)/(-3). Calculate the greatest common factor of r and h.
18
Let f be (2 + -11)/(-3)*684/54. Suppose -f + 66 = 7*b. What is the greatest common divisor of 52 and b?
4
Suppose 633*a - 739*a = -64448. Calculate the greatest common factor of a and 224.
32
Suppose -3*b + 5*b - 32 = 0. Let s = 51 - 54. Let q be (s/(6/8))/(-2). Calculate the highest common factor of b and q.
2
Let a be (-1)/(2/9*6/(-4)). Let f be (3894/236)/(a/4 + 0). Calculate the greatest common factor of f and 198.
22
Let h = 4341 - 4224. Let k(x) = x**2 - 2*x + 13. Let w be k(-11). What is the greatest common divisor of h and w?
39
Let w be 4/(-3) + 1690/(-15). Let m = 48 - w. What is the greatest common factor of m and 54?
54
Suppose -548 = i - 15*i - 44. Calculate the highest common divisor of i and 2988.
36
Let q be 20/(-4) + 235/5. Let z be (-7)/(q/9) - (-42)/4. Calculate the greatest common divisor of 441 and z.
9
Let u(s) = -s**2 - 19*s - 2. Let c(l) = 18*l - 144. Let k be c(7). Let m be u(k). What is the greatest common factor of 32 and m?
16
Suppose 144 = -2*v + 4*v. Let z = -139 + 141. Let l(g) = 2*g**3 - 3*g**2 + g + 2. Let o be l(z). What is the greatest common factor of o and v?
8
Let g = 264 - 235. Let n = 46 - g. Calculate the greatest common factor of n and 153.
17
Let g be (4 - 3)*(1149 - 21). What is the greatest common factor of 8 and g?
8
Let f be 6 - 252/45 - ((-498)/5 + -2). Suppose 6*w = 5*w - y + 17, -2*y = w - 16. What is the greatest common divisor of w and f?
6
Suppose 2*l + 0*f - 16 = f, -3*f = 0. Suppose -2*x + 26 = 3*n, -2*n + 2*x + 40 = 26. Let o be 296/(n/1) - 5. Calculate the greatest common divisor of l and o.
8
Let f = 3601 - -3509. What is the highest common divisor of f and 10?
10
Let p(c) = -c**2 + 189*c + 798. Let h be p(-4). Calculate the highest common divisor of 221 and h.
13
Let z be (145 - -1)/(34/(-102)). Let l = -413 - z. Let r(h) = 3*h**2 - 2*h - 1. Let q be r(-2). Calculate the highest common divisor of q and l.
5
Suppose 0 = 115*i + 2995 - 31400. What is the highest common factor of 1469 and i?
13
Let w be (-12)/(96/56)*(-5)/7 - -809. What is the greatest common factor of w and 111?
37
Suppose -4*y - 4*v = 1275 - 5239, 3988 = 4*y - 4*v. What is the greatest common factor of 852 and y?
142
Let c = 9360 - 7853. What is the highest common factor of 44 and c?
11
Let u be -3*3/3 + (9 - 6 - -11). Let v(b) = -5*b + 6. Let o be v(-3). Let z = o + 23. What is the highest common divisor of u and z?
11
Let i = 651 - 386. What is the highest common factor of 212 and i?
53
Suppose -8*h + 7*h + 3 = 0, -r + h = -215. Suppose 5*b + x = b + 401, 2*b = -4*x + r. Let a = 4 - -5. Calculate the highest common divisor of b and a.
9
Let u be 3148/(-7) + -2*(-6)/(-42). Let l be (u/27)/((-2)/24). Calculate the greatest common divisor of 30 and l.
10
Let r be (-195)/(-90) + (-2)/12. Suppose -r*u - 3*a + 399 = 0, 0*u + 2*a + 790 = 4*u. Calculate the greatest common factor of u and 18.
18
Let q(k) = k**3 + 22*k**2 + k - 492. Let v be q(-20). What is the greatest common factor of v and 828?
36
Let r = -59 - -126. Let z = r + 13. Suppose -515*y - 880 = -570*y. What is the greatest common divisor of y and z?
16
Suppose -3*h + 11*t = 7*t - 9516, -5*t = -30. What is the greatest common factor of 66 and h?
6
Suppose 37816*o - 1355634 = 37767*o. Calculate the highest common factor of o and 348.
174
Suppose 0 = 3*w + 3*w + 31*w - 703. Calculate the highest common factor of 2033 and w.
19
Suppose -76*i - 22*i + 5935 - 1525 = 0. Let l = -49 + 79. Let c = l + -12. What is the highest common factor of c and i?
9
Let t(k) = -4*k**3 - 21*k**2 - 23*k - 144. Let d be t(-7). Calculate the highest common divisor of d and 50.
10
Let p be (6*8/144)/(2/12). Let l be p/(504/(-258) + 2). What is the highest common factor of l and 129?
43
Suppose 28*s + 1211 = 5915. Calculate the highest common divisor of 1072 and s.
8
Let n(t) = 31*t**2 + 274*t + 560. Let h be n(-2). Calculate the highest common factor of 2312 and h.
136
Let i be (-12 + 8562)*27/81. Calculate the highest common divisor of 19 and i.
19
Suppose 3*h + 3*d = 684, -1 = -d + 4. Let g = h - 196. What is the highest common factor of 3 and g?
3
Suppose 5*p + 3*b = 474, 7*p - 456 = 2*p + 3*b. Suppose v = -5*u + 57, -2*v + 2*u = 5*u - p. What is the greatest common factor of 42 and v?
42
Suppose -4*q = 0, q = z - q - 4. Let m(d) = -d**2 - 9*d - 21 + 24 + z*d**2. Let j be m(4). What is the highest common factor of j and 120?
15
Let k be 1840/(-32)*106*6/(-10). What is the highest common factor of k and 159?
159
Suppose -205 - 19 = -6*z - 86. Calculate the highest common factor of 5267 and z.
23
Suppose 0 = 9*j + 2832 + 4125. Let l = 774 + j. Calculate the greatest common factor of l and 131.
1
Let m(d) = 33*d - 69 - 5*d - d + 7*d. Let f be m(8). What is the highest common factor of f and 28?
7
Let w = -4988 - -5052. Calculate the greatest common divisor of 192 and w.
64
Let s = -179 - -176. Let j be ((22 + -4)/1)/((-6)/s). Let q(n) = 2*n**3 - n**2 - n - 1. Let b be q(2). Calculate the highest common divisor of j and b.
9
Let c(f) = f - 6*f + 2*f + 13. Let x be c(-4). Suppose 14*o = 310 + 1090. What is the greatest common factor of x and o?
25
Suppose -3*j = -3 - 6. Suppose 0*c = -t - j*c - 12, 0 = -t + 4*c + 16. Suppose -m + 9*m - 192 = t. What is the highest common factor of m and 12?
12
Suppose 26 = 3*t - 43. Suppose 3*l - t*l + 1680 = 0. What is the greatest common factor of 12 and l?
12
Let y be (-2 - -2) + (-328)/2. Let f = y + 173. Calculate the greatest common factor of 36 and f.
9
Suppose -2*v - 4*m + 9*m + 25 = 0, 2*m + 42 = 4*v. Suppose 0 = -2*p - 16 + 16. Suppose c + c - 80 = p. What is the highest common factor of v and c?
10
Let z(x) = -45*x**2 + 448*x + 34. Let g be z(10). Let l(t) = -t**2 + 3*t + 2. Let w be l(3). Calculate the highest common factor of g and w.
2
Suppose -5*o + 425 = -0*o + 4*y, 2*o - 198 = 4*y. Let r = o - 63. What is the greatest common factor of 143 and r?
13
Suppose -27936 = -7*v - 11*v. Suppose 0 = -9*m + v + 824. What is the greatest common factor of 24 and m?
24
Let z(n) = -n + 22. Let d be z(10). Let o be (-3)/4 - (-429)/d. Suppose -8*k + o = 11. What is the highest common factor of 3 and k?
3
Suppose 164*i - 137*i = 8991. Calculate the greatest common divisor of 518 and i.
37
Suppose 0 = -21*x + 37*x + 141*x - 103306. Calculate the highest common divisor of x and 14.
14
Let l = 9516 - 9003. What is the greatest common divisor of 1824 and l?
57
Suppose 0 = i - 3, -1404 = -2*h + 5*i + 277. Calculate the highest common factor of 32 and h.
16
Suppose -3*o - 194 = -41. Let d = o - -91. Let c be -30*((16/(-12) - 5) + 6). What is the highest common divisor of d and c?
10
Let h(v) = 612*v - 7341. Let l be h(12). Calculate the highest common divisor of l and 1399.
1
Suppose 0 = -70*a + 68*a - 2. Let d be a/(20/(-8) + 2). Suppose d*c - 109 = -2*y - 19, -3*c = -y - 147. Calculate the greatest common factor of c and 36.
12
Suppose -15*r = 10*r - 815 - 285. What is the greatest common factor of 341 and r?
11
Suppose -3*x = -9 + 54. Let y = 20 + x. Calculate the highest common divisor of y and 25.
5
Let g = 15182 - 15158. Let v(b) = 2*b**2 + 10*b + 12. Let f(z) = -8*z - 1. Let n be f(1). Let k be v(n). What is the greatest common divisor of k and g?
12
Suppose 0 = r + r + 12. Let z be 602/(-7)*((-3)/r + -1). Suppose 0 = -0*w + 4*w - 5*c - 61, 2*w = 5*c + z. What is the greatest common divisor of w and 63?
9
Let c(v) = v**3 - 8*v**2 + 12*v + 2. Let y be c(6). Suppose 180 = 5*m - y*w, -m + 1 = 5*w - 8. What is the highest common factor of 153 and m?
17
Suppose 4 = -p - b, b + 8 = -p - 2*b. Let s = 20 + p. Let v(g) = 349*g + 1049. Let l be v(-3). Calculate the greatest common factor of s and l.
2
Let v(n) = n**3 - 67*n**2 - 4*n + 590. Let x be v(67). Let y = -48 - -62. What is the greatest common divisor of y and x?
14
Suppose 0 = -0*x - 2*x - 3*b + 120, -420 = -7*x + 5*b. Let c be (-2)/(-8) + (-354)/(-24). What is the greatest common factor of x and c?
15
Let r = -255 + 259. Calculate the highest common divisor of 158 and r.
2
Let x(p) = p**2 + 3*p + 18. Let j be x(14). Let q be (-2)/19 - 4590/(-285). What is the highest common divisor of j and q?
16
Let h(s) = s + 4. Let a =